{"id":396,"date":"2013-10-07T14:45:05","date_gmt":"2013-10-07T12:45:05","guid":{"rendered":"http:\/\/www.bizarr-date.de\/anzeigen\/?page_id=396"},"modified":"2013-10-08T12:42:16","modified_gmt":"2013-10-08T10:42:16","slug":"regeln","status":"publish","type":"page","link":"https:\/\/www.bizarr-date.de\/anzeigen\/regeln\/","title":{"rendered":"Regeln"},"content":{"rendered":"<p><strong>allgemeine Regeln und Teilnahmebedingungen<\/strong><\/p>\n<p><strong>1.<\/strong> Die Teilnahme am Bizarr Date ist freiwillig und ohne weitere Verpflichtungen.<br \/>\nDie Teilnahme ist Personen \u00fcber 18 Jahren vorbehalten und ist, wenn nicht im Programm explizit genannt, kostenlos.<\/p>\n<p><strong>2.<\/strong> Die Mitglieder sind verpflichtet, sich an die Teilnahmebedingungen auf dieser Seite zu halten und diese bei Registrierung anzuerkennen.<\/p>\n<p><strong>3.<\/strong> Ein Recht auf Teilnahme besteht grunds\u00e4tzlich nicht. Mitglieder, deren Inhalte gegen diese Teilnahmebedingungen verstossen werden unwiderruflich gel\u00f6scht und gesperrt.<\/p>\n<p><strong>4.<\/strong> Insbesondere hat jedes Mitglied darauf zu achten, dass seine eigenen Inhalte keine Pornografie in Wort und Bild enthlten, keine (Bild-)Rechte Dritter verletzen oder andere Menschen beleidigt, diffamiert oder anders in Nachteil bringt. Ebenso ist das verbreiten pornografischer Schriften in Messages und Chats, sowie Gewaltverherrlichung oder Verst\u00f6sse gegen die Menschenw\u00fcrde und \u00c4hnliches\u00a0 untersagt. Mitglieder, die gegen diese Bedingungen verstossen werden ohne vorherige Abmahnung gel\u00f6scht und vom weiteren Betrieb ausgeschlossen.<\/p>\n<p><strong>5.<\/strong> Es ist nur ein Profil pro Person zugelassen. Mehrfachanmeldungen werden gel\u00f6scht.<\/p>\n<p><strong>6.<\/strong> Die Abmeldung erfolgt entweder automatisch nach erheblicher Zeit von Inaktivit\u00e4t oder per E-Mail Abmeldung beim Support.<\/p>\n<a href=\"http:\/\/bizarr-date.de\/anzeigen\/register\" target=\"_self\" class=\"button medium secondary\">Jetzt anmelden<\/a>\n<p>Wir w\u00fcnschen Euch viel Spass und vor allem viel Erfolg beim Daten und Verabreden.<br \/>\nBizarr Date<\/p>\n","protected":false},"excerpt":{"rendered":"<p>allgemeine Regeln und Teilnahmebedingungen 1. Die Teilnahme am Bizarr Date ist freiwillig und ohne weitere Verpflichtungen. Die Teilnahme ist Personen \u00fcber 18 Jahren vorbehalten und ist, wenn nicht im Programm explizit genannt, kostenlos. 2. Die Mitglieder sind verpflichtet, sich an die Teilnahmebedingungen auf dieser Seite zu halten und diese bei Registrierung anzuerkennen. 3. Ein Recht [&hellip;]<\/p>\n","protected":false},"author":1,"featured_media":0,"parent":0,"menu_order":0,"comment_status":"open","ping_status":"closed","template":"template-right.php","meta":{"footnotes":""},"class_list":["post-396","page","type-page","status-publish","hentry"],"aioseo_notices":[],"_links":{"self":[{"href":"https:\/\/www.bizarr-date.de\/anzeigen\/wp-json\/wp\/v2\/pages\/396","targetHints":{"allow":["GET"]}}],"collection":[{"href":"https:\/\/www.bizarr-date.de\/anzeigen\/wp-json\/wp\/v2\/pages"}],"about":[{"href":"https:\/\/www.bizarr-date.de\/anzeigen\/wp-json\/wp\/v2\/types\/page"}],"author":[{"embeddable":true,"href":"https:\/\/www.bizarr-date.de\/anzeigen\/wp-json\/wp\/v2\/users\/1"}],"replies":[{"embeddable":true,"href":"https:\/\/www.bizarr-date.de\/anzeigen\/wp-json\/wp\/v2\/comments?post=396"}],"version-history":[{"count":6,"href":"https:\/\/www.bizarr-date.de\/anzeigen\/wp-json\/wp\/v2\/pages\/396\/revisions"}],"predecessor-version":[{"id":432,"href":"https:\/\/www.bizarr-date.de\/anzeigen\/wp-json\/wp\/v2\/pages\/396\/revisions\/432"}],"wp:attachment":[{"href":"https:\/\/www.bizarr-date.de\/anzeigen\/wp-json\/wp\/v2\/media?parent=396"}],"curies":[{"name":"wp","href":"https:\/\/api.w.org\/{rel}","templated":true}]}}